{"id":1088,"date":"2023-10-11T16:51:08","date_gmt":"2023-10-11T16:51:08","guid":{"rendered":"https:\/\/www.lasidra.net\/fototeca\/?post_type=product&#038;p=1088"},"modified":"2023-10-11T16:51:14","modified_gmt":"2023-10-11T16:51:14","slug":"mpa-153","status":"publish","type":"product","link":"https:\/\/www.lasidra.net\/fototeca\/producto\/mpa-153\/","title":{"rendered":"MPA 153"},"content":{"rendered":"","protected":false},"excerpt":{"rendered":"<p><strong>Autor<\/strong>: Campo y del Castillo, Gonzalo (1896-1980)<\/p>\n<p><strong>Dataci\u00f3n<\/strong>: 1970<\/p>\n<p><strong>Llugar<\/strong>: Xix\u00f3n<\/p>\n<p><strong>Observaciones<\/strong>: Cruce de la cai Ezcurdia (drecha) con la avenida de Castilla (a manzorga). A la mandrecha: los bloques en construici\u00f3n son de la mazana abierta con espacios verdes interiores que da a Torcuato Fern\u00e1ndez Miranda. La casina de la derecha tar\u00eda frente a la xamoner\u00eda Entrepe\u00f1as, qu&#8217;ent\u00f3s yera una mazana ocupada pola f\u00e1brica de sidra axampanao Vereterra y Cangas. Nel edificiu de la esquina izquierda hab\u00eda una sidrer\u00eda, una sucursal bancaria y llueu un Cadena 100. Los pl\u00e1ganos de la izquierda retir\u00e1ronse a finales de la d\u00e9cada de 1990.<\/p>\n<p><strong>Fonte d&#8217;ingresu<\/strong>: Mus\u00e9u del Pueblu d&#8217;Asturies<\/p>\n<p><strong>Data d&#8217;ingresu<\/strong>: Ochobre 2023<\/p>\n","protected":false},"featured_media":1089,"comment_status":"closed","ping_status":"closed","template":"","meta":{"_et_pb_use_builder":"","_et_pb_old_content":"","_et_gb_content_width":"","_joinchat":[]},"product_brand":[],"product_cat":[15,69,24,23,16],"product_tag":[223,209,152],"class_list":{"0":"post-1088","1":"product","2":"type-product","3":"status-publish","4":"has-post-thumbnail","6":"product_cat-sin-categorizar","7":"product_cat-axampanao","8":"product_cat-dellos","9":"product_cat-pinacoteca","10":"product_cat-semeyes","11":"product_tag-fabrica-de-sidra-vereterra-y-cangas","12":"product_tag-sidra-axampanao","13":"product_tag-vereterra-y-cangas","15":"first","16":"instock","17":"shipping-taxable","18":"product-type-simple"},"_links":{"self":[{"href":"https:\/\/www.lasidra.net\/fototeca\/wp-json\/wp\/v2\/product\/1088","targetHints":{"allow":["GET"]}}],"collection":[{"href":"https:\/\/www.lasidra.net\/fototeca\/wp-json\/wp\/v2\/product"}],"about":[{"href":"https:\/\/www.lasidra.net\/fototeca\/wp-json\/wp\/v2\/types\/product"}],"replies":[{"embeddable":true,"href":"https:\/\/www.lasidra.net\/fototeca\/wp-json\/wp\/v2\/comments?post=1088"}],"wp:featuredmedia":[{"embeddable":true,"href":"https:\/\/www.lasidra.net\/fototeca\/wp-json\/wp\/v2\/media\/1089"}],"wp:attachment":[{"href":"https:\/\/www.lasidra.net\/fototeca\/wp-json\/wp\/v2\/media?parent=1088"}],"wp:term":[{"taxonomy":"product_brand","embeddable":true,"href":"https:\/\/www.lasidra.net\/fototeca\/wp-json\/wp\/v2\/product_brand?post=1088"},{"taxonomy":"product_cat","embeddable":true,"href":"https:\/\/www.lasidra.net\/fototeca\/wp-json\/wp\/v2\/product_cat?post=1088"},{"taxonomy":"product_tag","embeddable":true,"href":"https:\/\/www.lasidra.net\/fototeca\/wp-json\/wp\/v2\/product_tag?post=1088"}],"curies":[{"name":"wp","href":"https:\/\/api.w.org\/{rel}","templated":true}]}}