{"id":1160,"date":"2023-10-25T07:17:00","date_gmt":"2023-10-25T07:17:00","guid":{"rendered":"https:\/\/www.lasidra.net\/fototeca\/?post_type=product&#038;p=1160"},"modified":"2023-10-25T07:17:58","modified_gmt":"2023-10-25T07:17:58","slug":"mpa-187","status":"publish","type":"product","link":"https:\/\/www.lasidra.net\/fototeca\/producto\/mpa-187\/","title":{"rendered":"MPA 187"},"content":{"rendered":"","protected":false},"excerpt":{"rendered":"<p><strong>Autor<\/strong>: Campo y del Castillo, Gonzalo (1896-1980)<\/p>\n<p><strong>Dataci\u00f3n<\/strong>: 05\/1969<\/p>\n<p><strong>Llugar<\/strong>: Xix\u00f3n<\/p>\n<p><strong>Observaciones<\/strong>: La cuesta&#8217;l Cholu dende&#8217;l tr\u00e1nsitu de Las Ballenas. A la manzorga, el bar-restaurante Las Ballenas y a continuaci\u00f3n el Mercante. Entrambos dos son chigres de pescadores, angua\u00f1u \u00fan de los puntos del cascu hest\u00f3ricu a\u00fa beber sidra al aire llibre. Detr\u00e1s, v\u00e9se l&#8217;edificiu proyect\u00e1u por Garc\u00eda de la Cruz en 1907 pa Hijos de Alvargonz\u00e1lez, a\u00fa taba la tienda d&#8217;efeutos navales El \u00c1ncora, que g\u00fcei ye&#8217;l pub Habana.<\/p>\n<p><strong>Fonte d&#8217;ingresu<\/strong>: Mus\u00e9u del Pueblu d&#8217;Asturies<\/p>\n<p><strong>Data d&#8217;ingresu<\/strong>: Ochobre 2023<\/p>\n","protected":false},"featured_media":1162,"comment_status":"closed","ping_status":"closed","template":"","meta":{"_et_pb_use_builder":"","_et_pb_old_content":"","_et_gb_content_width":"","_joinchat":[]},"product_brand":[],"product_cat":[15,26,24,23,16],"product_tag":[154,257,258,259,260],"class_list":{"0":"post-1160","1":"product","2":"type-product","3":"status-publish","4":"has-post-thumbnail","6":"product_cat-sin-categorizar","7":"product_cat-chigre","8":"product_cat-dellos","9":"product_cat-pinacoteca","10":"product_cat-semeyes","11":"product_tag-cimavilla","12":"product_tag-cuestal-cholu","13":"product_tag-el-mercante","14":"product_tag-las-ballenas","15":"product_tag-sidra-al-aire-llibre","17":"first","18":"instock","19":"shipping-taxable","20":"product-type-simple"},"_links":{"self":[{"href":"https:\/\/www.lasidra.net\/fototeca\/wp-json\/wp\/v2\/product\/1160","targetHints":{"allow":["GET"]}}],"collection":[{"href":"https:\/\/www.lasidra.net\/fototeca\/wp-json\/wp\/v2\/product"}],"about":[{"href":"https:\/\/www.lasidra.net\/fototeca\/wp-json\/wp\/v2\/types\/product"}],"replies":[{"embeddable":true,"href":"https:\/\/www.lasidra.net\/fototeca\/wp-json\/wp\/v2\/comments?post=1160"}],"wp:featuredmedia":[{"embeddable":true,"href":"https:\/\/www.lasidra.net\/fototeca\/wp-json\/wp\/v2\/media\/1162"}],"wp:attachment":[{"href":"https:\/\/www.lasidra.net\/fototeca\/wp-json\/wp\/v2\/media?parent=1160"}],"wp:term":[{"taxonomy":"product_brand","embeddable":true,"href":"https:\/\/www.lasidra.net\/fototeca\/wp-json\/wp\/v2\/product_brand?post=1160"},{"taxonomy":"product_cat","embeddable":true,"href":"https:\/\/www.lasidra.net\/fototeca\/wp-json\/wp\/v2\/product_cat?post=1160"},{"taxonomy":"product_tag","embeddable":true,"href":"https:\/\/www.lasidra.net\/fototeca\/wp-json\/wp\/v2\/product_tag?post=1160"}],"curies":[{"name":"wp","href":"https:\/\/api.w.org\/{rel}","templated":true}]}}