{"id":1589,"date":"2024-05-03T19:46:34","date_gmt":"2024-05-03T19:46:34","guid":{"rendered":"https:\/\/www.lasidra.net\/fototeca\/?post_type=product&#038;p=1589"},"modified":"2024-05-03T19:46:49","modified_gmt":"2024-05-03T19:46:49","slug":"mpa-372","status":"publish","type":"product","link":"https:\/\/www.lasidra.net\/fototeca\/producto\/mpa-372\/","title":{"rendered":"MPA 372"},"content":{"rendered":"","protected":false},"excerpt":{"rendered":"<p><strong>Autor<\/strong>: Llitograf\u00eda Mor\u00e9 (1871-1970)<\/p>\n<p><strong>Dataci\u00f3n<\/strong>: 1899<\/p>\n<p><strong>Observaciones<\/strong>: Cartel publicitariu de la sidre axampanao Vereterra y Cangas, marca \u00ab\u00a1Viva Asturias!\u00bb, de Xix\u00f3n. Tr\u00e1tase d&#8217;una ll\u00e1mina con filete dor\u00e1u illustrada cola imaxe d&#8217;una muyer vest\u00eda col paxellu tradicional y echando sidre. Na esquina superior drecha apaez l&#8217;escudu de la Casa Real, porque yeren proveedores d&#8217;ella.<\/p>\n<p><strong>Fonte d&#8217;ingresu<\/strong>: Mus\u00e9u del Pueblu d&#8217;Asturies<\/p>\n<p><strong>Data d&#8217;ingresu<\/strong>: Mayu 2024<\/p>\n","protected":false},"featured_media":1590,"comment_status":"closed","ping_status":"closed","template":"","meta":{"_et_pb_use_builder":"","_et_pb_old_content":"","_et_gb_content_width":"","_joinchat":[]},"product_brand":[],"product_cat":[15,69,21,24,19,18,20,16],"product_tag":[236,354,346,353,209,314,152],"class_list":{"0":"post-1589","1":"product","2":"type-product","3":"status-publish","4":"has-post-thumbnail","6":"product_cat-sin-categorizar","7":"product_cat-axampanao","8":"product_cat-carteleria","9":"product_cat-dellos","10":"product_cat-echando","11":"product_cat-muyer","12":"product_cat-publicida","13":"product_cat-semeyes","14":"product_tag-anuncios-sidra-axampanao","15":"product_tag-cartel-de-sidre","16":"product_tag-carteleria-con-sidre","17":"product_tag-carteles-y-sidre","18":"product_tag-sidra-axampanao","19":"product_tag-sidre-axampanao","20":"product_tag-vereterra-y-cangas","22":"first","23":"instock","24":"shipping-taxable","25":"product-type-simple"},"_links":{"self":[{"href":"https:\/\/www.lasidra.net\/fototeca\/wp-json\/wp\/v2\/product\/1589","targetHints":{"allow":["GET"]}}],"collection":[{"href":"https:\/\/www.lasidra.net\/fototeca\/wp-json\/wp\/v2\/product"}],"about":[{"href":"https:\/\/www.lasidra.net\/fototeca\/wp-json\/wp\/v2\/types\/product"}],"replies":[{"embeddable":true,"href":"https:\/\/www.lasidra.net\/fototeca\/wp-json\/wp\/v2\/comments?post=1589"}],"wp:featuredmedia":[{"embeddable":true,"href":"https:\/\/www.lasidra.net\/fototeca\/wp-json\/wp\/v2\/media\/1590"}],"wp:attachment":[{"href":"https:\/\/www.lasidra.net\/fototeca\/wp-json\/wp\/v2\/media?parent=1589"}],"wp:term":[{"taxonomy":"product_brand","embeddable":true,"href":"https:\/\/www.lasidra.net\/fototeca\/wp-json\/wp\/v2\/product_brand?post=1589"},{"taxonomy":"product_cat","embeddable":true,"href":"https:\/\/www.lasidra.net\/fototeca\/wp-json\/wp\/v2\/product_cat?post=1589"},{"taxonomy":"product_tag","embeddable":true,"href":"https:\/\/www.lasidra.net\/fototeca\/wp-json\/wp\/v2\/product_tag?post=1589"}],"curies":[{"name":"wp","href":"https:\/\/api.w.org\/{rel}","templated":true}]}}