{"id":1606,"date":"2024-05-05T17:35:30","date_gmt":"2024-05-05T17:35:30","guid":{"rendered":"https:\/\/www.lasidra.net\/fototeca\/?post_type=product&#038;p=1606"},"modified":"2024-05-05T17:35:41","modified_gmt":"2024-05-05T17:35:41","slug":"mpa-380","status":"publish","type":"product","link":"https:\/\/www.lasidra.net\/fototeca\/producto\/mpa-380\/","title":{"rendered":"MPA 380"},"content":{"rendered":"","protected":false},"excerpt":{"rendered":"<p><strong>Autor<\/strong>: Atribuy\u00edu a Litograf\u00eda Vi\u00f1a, Xix\u00f3n (1920-1999)<\/p>\n<p><strong>Dataci\u00f3n<\/strong>: 1960<\/p>\n<p><strong>Llugar<\/strong>: Cuallotu (Uvi\u00e9u)<\/p>\n<p><strong>Observaciones<\/strong>: Bocetu orixinal pal cartelu de sidre Deliciosa, sidra natural con zucre de Industrias Cima S.A(Cualloto). Na semeya apaez un tonel nel qu&#8217;entra&#8217;l xugu d&#8217;unes mazanes y pela espicha sal sidre a una xarra que lleva un camareru (v\u00e9se nam\u00e1i&#8217;l brazu)<\/p>\n<p><strong>Fonte d&#8217;ingresu<\/strong>: Mus\u00e9u del Pueblu d&#8217;Asturies<\/p>\n<p><strong>Data d&#8217;ingresu<\/strong>: Mayu 2024<\/p>\n","protected":false},"featured_media":1607,"comment_status":"closed","ping_status":"closed","template":"","meta":{"_et_pb_use_builder":"","_et_pb_old_content":"","_et_gb_content_width":"","_joinchat":[]},"product_brand":[],"product_cat":[15,21,24,133,20,16,32],"product_tag":[354,346,353,355,285,364,366,365,212,347],"class_list":{"0":"post-1606","1":"product","2":"type-product","3":"status-publish","4":"has-post-thumbnail","6":"product_cat-sin-categorizar","7":"product_cat-carteleria","8":"product_cat-dellos","9":"product_cat-mazana","10":"product_cat-publicida","11":"product_cat-semeyes","12":"product_cat-toneleria-semeyes","13":"product_tag-cartel-de-sidre","14":"product_tag-carteleria-con-sidre","15":"product_tag-carteles-y-sidre","16":"product_tag-cartelu-de-sidre","17":"product_tag-espichando-sidra","18":"product_tag-espichando-sidre","19":"product_tag-sidra-deliciosa","20":"product_tag-sidre-deliciosa","21":"product_tag-toneles-de-sidra","22":"product_tag-toneles-de-sidre","24":"first","25":"instock","26":"shipping-taxable","27":"product-type-simple"},"_links":{"self":[{"href":"https:\/\/www.lasidra.net\/fototeca\/wp-json\/wp\/v2\/product\/1606","targetHints":{"allow":["GET"]}}],"collection":[{"href":"https:\/\/www.lasidra.net\/fototeca\/wp-json\/wp\/v2\/product"}],"about":[{"href":"https:\/\/www.lasidra.net\/fototeca\/wp-json\/wp\/v2\/types\/product"}],"replies":[{"embeddable":true,"href":"https:\/\/www.lasidra.net\/fototeca\/wp-json\/wp\/v2\/comments?post=1606"}],"wp:featuredmedia":[{"embeddable":true,"href":"https:\/\/www.lasidra.net\/fototeca\/wp-json\/wp\/v2\/media\/1607"}],"wp:attachment":[{"href":"https:\/\/www.lasidra.net\/fototeca\/wp-json\/wp\/v2\/media?parent=1606"}],"wp:term":[{"taxonomy":"product_brand","embeddable":true,"href":"https:\/\/www.lasidra.net\/fototeca\/wp-json\/wp\/v2\/product_brand?post=1606"},{"taxonomy":"product_cat","embeddable":true,"href":"https:\/\/www.lasidra.net\/fototeca\/wp-json\/wp\/v2\/product_cat?post=1606"},{"taxonomy":"product_tag","embeddable":true,"href":"https:\/\/www.lasidra.net\/fototeca\/wp-json\/wp\/v2\/product_tag?post=1606"}],"curies":[{"name":"wp","href":"https:\/\/api.w.org\/{rel}","templated":true}]}}