{"id":1772,"date":"2024-12-03T11:46:28","date_gmt":"2024-12-03T11:46:28","guid":{"rendered":"https:\/\/www.lasidra.net\/fototeca\/?post_type=product&#038;p=1772"},"modified":"2024-12-03T11:46:35","modified_gmt":"2024-12-03T11:46:35","slug":"fas-061","status":"publish","type":"product","link":"https:\/\/www.lasidra.net\/fototeca\/producto\/fas-061\/","title":{"rendered":"FAS 061"},"content":{"rendered":"","protected":false},"excerpt":{"rendered":"<p><b>Dataci\u00f3n<\/b>: 18 d&#8217;Agostu de 1948<\/p>\n<p><b>Llugar<\/b>: Colunga<\/p>\n<p><b>Observaciones<\/b>: Certific\u00e1u de D. Carlos R\u00faa Figueroa y Biava, segundu xefe de l&#8217;Aduana de Xix\u00f3n, con motivu l&#8217;embarque de sidra axampanao, de Champanera La Aldeana, nel vapor Marqu\u00e9s de Comillas, con dest\u00edn a La Habana, a efeutos la exenci\u00f3n del Impuestu d&#8217;Usos y Consumos<\/p>\n<p><b>Fonte d&#8217;ingresu<\/b>: Fundaci\u00f3n Asturies<\/p>\n<p><b>Data d&#8217;ingresu<\/b>: Avientu 2024<\/p>\n","protected":false},"featured_media":1773,"comment_status":"closed","ping_status":"closed","template":"","meta":{"_et_pb_use_builder":"","_et_pb_old_content":"","_et_gb_content_width":"","_joinchat":[]},"product_brand":[],"product_cat":[15,24,277],"product_tag":[412,430,391,446,447],"class_list":{"0":"post-1772","1":"product","2":"type-product","3":"status-publish","4":"has-post-thumbnail","6":"product_cat-sin-categorizar","7":"product_cat-dellos","8":"product_cat-documentos","9":"product_tag-champanera-la-aldeana","10":"product_tag-impuestos-y-sidra","11":"product_tag-impuestos-y-sidre","12":"product_tag-sidra-y-exportacion","13":"product_tag-sidre-y-exportacion","15":"first","16":"instock","17":"shipping-taxable","18":"product-type-simple"},"_links":{"self":[{"href":"https:\/\/www.lasidra.net\/fototeca\/wp-json\/wp\/v2\/product\/1772","targetHints":{"allow":["GET"]}}],"collection":[{"href":"https:\/\/www.lasidra.net\/fototeca\/wp-json\/wp\/v2\/product"}],"about":[{"href":"https:\/\/www.lasidra.net\/fototeca\/wp-json\/wp\/v2\/types\/product"}],"replies":[{"embeddable":true,"href":"https:\/\/www.lasidra.net\/fototeca\/wp-json\/wp\/v2\/comments?post=1772"}],"wp:featuredmedia":[{"embeddable":true,"href":"https:\/\/www.lasidra.net\/fototeca\/wp-json\/wp\/v2\/media\/1773"}],"wp:attachment":[{"href":"https:\/\/www.lasidra.net\/fototeca\/wp-json\/wp\/v2\/media?parent=1772"}],"wp:term":[{"taxonomy":"product_brand","embeddable":true,"href":"https:\/\/www.lasidra.net\/fototeca\/wp-json\/wp\/v2\/product_brand?post=1772"},{"taxonomy":"product_cat","embeddable":true,"href":"https:\/\/www.lasidra.net\/fototeca\/wp-json\/wp\/v2\/product_cat?post=1772"},{"taxonomy":"product_tag","embeddable":true,"href":"https:\/\/www.lasidra.net\/fototeca\/wp-json\/wp\/v2\/product_tag?post=1772"}],"curies":[{"name":"wp","href":"https:\/\/api.w.org\/{rel}","templated":true}]}}