{"id":1861,"date":"2025-02-26T08:42:04","date_gmt":"2025-02-26T08:42:04","guid":{"rendered":"https:\/\/www.lasidra.net\/fototeca\/?post_type=product&#038;p=1861"},"modified":"2025-02-26T08:42:14","modified_gmt":"2025-02-26T08:42:14","slug":"fas-092","status":"publish","type":"product","link":"https:\/\/www.lasidra.net\/fototeca\/producto\/fas-092\/","title":{"rendered":"FAS 092"},"content":{"rendered":"","protected":false},"excerpt":{"rendered":"<p><strong>Llugar: <\/strong>Casa Lin, Avil\u00e9s<\/p>\n<p><strong>Observaciones: <\/strong>Semeya de dellos homes bebiendo sidre nun llagar, \u00fan d&#8217;ellos ye Jos\u00e9 Antonio Garc\u00eda (Casa Lin). Colleici\u00f3n de Casa Lin<\/p>\n<p><strong>Fonte d&#8217;ingresu:<\/strong> Fundaci\u00f3n Asturies<\/p>\n<p><strong>Data d&#8217;ingresu: <\/strong>Febreru 2025<\/p>\n","protected":false},"featured_media":1862,"comment_status":"closed","ping_status":"closed","template":"","meta":{"_et_pb_use_builder":"","_et_pb_old_content":"","_et_gb_content_width":"","_joinchat":[]},"product_brand":[],"product_cat":[15,24,17,16,32],"product_tag":[197,239,477,384,476,282,328],"class_list":{"0":"post-1861","1":"product","2":"type-product","3":"status-publish","4":"has-post-thumbnail","6":"product_cat-sin-categorizar","7":"product_cat-dellos","8":"product_cat-llagar","9":"product_cat-semeyes","10":"product_cat-toneleria-semeyes","11":"product_tag-casa-lin","12":"product_tag-chigre","13":"product_tag-chigre-y-sidra","14":"product_tag-chigre-y-sidre","15":"product_tag-llagar","16":"product_tag-sidra-y-socieda","17":"product_tag-sidre-y-socieda","19":"first","20":"instock","21":"shipping-taxable","22":"product-type-simple"},"_links":{"self":[{"href":"https:\/\/www.lasidra.net\/fototeca\/wp-json\/wp\/v2\/product\/1861","targetHints":{"allow":["GET"]}}],"collection":[{"href":"https:\/\/www.lasidra.net\/fototeca\/wp-json\/wp\/v2\/product"}],"about":[{"href":"https:\/\/www.lasidra.net\/fototeca\/wp-json\/wp\/v2\/types\/product"}],"replies":[{"embeddable":true,"href":"https:\/\/www.lasidra.net\/fototeca\/wp-json\/wp\/v2\/comments?post=1861"}],"wp:featuredmedia":[{"embeddable":true,"href":"https:\/\/www.lasidra.net\/fototeca\/wp-json\/wp\/v2\/media\/1862"}],"wp:attachment":[{"href":"https:\/\/www.lasidra.net\/fototeca\/wp-json\/wp\/v2\/media?parent=1861"}],"wp:term":[{"taxonomy":"product_brand","embeddable":true,"href":"https:\/\/www.lasidra.net\/fototeca\/wp-json\/wp\/v2\/product_brand?post=1861"},{"taxonomy":"product_cat","embeddable":true,"href":"https:\/\/www.lasidra.net\/fototeca\/wp-json\/wp\/v2\/product_cat?post=1861"},{"taxonomy":"product_tag","embeddable":true,"href":"https:\/\/www.lasidra.net\/fototeca\/wp-json\/wp\/v2\/product_tag?post=1861"}],"curies":[{"name":"wp","href":"https:\/\/api.w.org\/{rel}","templated":true}]}}