{"id":2253,"date":"2025-11-27T17:12:55","date_gmt":"2025-11-27T17:12:55","guid":{"rendered":"https:\/\/www.lasidra.net\/fototeca\/?post_type=product&#038;p=2253"},"modified":"2025-11-27T17:12:55","modified_gmt":"2025-11-27T17:12:55","slug":"fas-124","status":"publish","type":"product","link":"https:\/\/www.lasidra.net\/fototeca\/producto\/fas-124\/","title":{"rendered":"FAS 124"},"content":{"rendered":"","protected":false},"excerpt":{"rendered":"<p><strong>Dataci\u00f3n: <\/strong>D\u00e9cada de 1940<\/p>\n<p><strong>Llugar: <\/strong>Desconoc\u00edu<\/p>\n<p><strong>Observaciones:\u00a0<\/strong>Etiqueta de sidre Eureka. Nun atopamos datos de la fecha nin llugar de produici\u00f3n, nin tampoco nun sabemos qui\u00e9n ye&#8217;l fabricante. Hai evidencies de la marca (botelles, etiquetes&#8230;) na primer met\u00e1&#8217;l sieglu XX.<\/p>\n<p><strong>Fonte d&#8217;ingresu: <\/strong>Fundaci\u00f3n Asturies XXi<\/p>\n<p><strong>Data d&#8217;ingresu: <\/strong>Payares 2025<\/p>\n","protected":false},"featured_media":2254,"comment_status":"closed","ping_status":"closed","template":"","meta":{"_et_pb_use_builder":"","_et_pb_old_content":"","_et_gb_content_width":"","_joinchat":[]},"product_brand":[],"product_cat":[15,24,16],"product_tag":[376,374,375,515,516],"class_list":{"0":"post-2253","1":"product","2":"type-product","3":"status-publish","4":"has-post-thumbnail","6":"product_cat-sin-categorizar","7":"product_cat-dellos","8":"product_cat-semeyes","9":"product_tag-etiqueta-de-sidra","10":"product_tag-etiqueta-de-sidre","11":"product_tag-etiquetes-de-sidre","12":"product_tag-sidra-eureka","13":"product_tag-sidre-eureka","15":"first","16":"instock","17":"shipping-taxable","18":"product-type-simple"},"_links":{"self":[{"href":"https:\/\/www.lasidra.net\/fototeca\/wp-json\/wp\/v2\/product\/2253","targetHints":{"allow":["GET"]}}],"collection":[{"href":"https:\/\/www.lasidra.net\/fototeca\/wp-json\/wp\/v2\/product"}],"about":[{"href":"https:\/\/www.lasidra.net\/fototeca\/wp-json\/wp\/v2\/types\/product"}],"replies":[{"embeddable":true,"href":"https:\/\/www.lasidra.net\/fototeca\/wp-json\/wp\/v2\/comments?post=2253"}],"wp:featuredmedia":[{"embeddable":true,"href":"https:\/\/www.lasidra.net\/fototeca\/wp-json\/wp\/v2\/media\/2254"}],"wp:attachment":[{"href":"https:\/\/www.lasidra.net\/fototeca\/wp-json\/wp\/v2\/media?parent=2253"}],"wp:term":[{"taxonomy":"product_brand","embeddable":true,"href":"https:\/\/www.lasidra.net\/fototeca\/wp-json\/wp\/v2\/product_brand?post=2253"},{"taxonomy":"product_cat","embeddable":true,"href":"https:\/\/www.lasidra.net\/fototeca\/wp-json\/wp\/v2\/product_cat?post=2253"},{"taxonomy":"product_tag","embeddable":true,"href":"https:\/\/www.lasidra.net\/fototeca\/wp-json\/wp\/v2\/product_tag?post=2253"}],"curies":[{"name":"wp","href":"https:\/\/api.w.org\/{rel}","templated":true}]}}