{"id":2264,"date":"2025-11-27T18:32:18","date_gmt":"2025-11-27T18:32:18","guid":{"rendered":"https:\/\/www.lasidra.net\/fototeca\/?post_type=product&#038;p=2264"},"modified":"2025-11-27T18:32:18","modified_gmt":"2025-11-27T18:32:18","slug":"fas-129","status":"publish","type":"product","link":"https:\/\/www.lasidra.net\/fototeca\/producto\/fas-129\/","title":{"rendered":"FAS 129"},"content":{"rendered":"<p><strong>Dataci\u00f3n: <\/strong>1910-1930<\/p>\n<p><strong>Llugar: <\/strong>Villaviciosa<\/p>\n<p><strong>Observaciones: <\/strong>Anunciu de sidre El Gaitero pa peri\u00f3dicos. Los anuncios de prensa de <strong data-start=\"291\" data-end=\"305\">El Gaitero<\/strong> apaecen dende <strong data-start=\"321\" data-end=\"329\">1912<\/strong> y son frecuentes nes d\u00e9cades de 1920 y 1930, magar que podr\u00eda ser posterior.<\/p>\n<p><strong>Fonte d&#8217;ingresu: <\/strong>Fundaci\u00f3n Asturies XXi<\/p>\n<p><strong>Data d&#8217;ingresu: <\/strong>Payares 2025<\/p>\n","protected":false},"excerpt":{"rendered":"<p>Dataci\u00f3n: 1910-1930 Llugar: Villaviciosa Observaciones: Anunciu de sidre El Gaitero pa peri\u00f3dicos. Los anuncios de prensa de El Gaitero apaecen dende 1912 y son frecuentes nes d\u00e9cades de 1920 y 1930, magar que podr\u00eda ser posterior. Fonte d&#8217;ingresu: Fundaci\u00f3n Asturies XXi Data d&#8217;ingresu: Payares 2025<\/p>\n","protected":false},"featured_media":2265,"comment_status":"closed","ping_status":"closed","template":"","meta":{"_et_pb_use_builder":"","_et_pb_old_content":"","_et_gb_content_width":"","_joinchat":[]},"product_brand":[],"product_cat":[69,24,22,20,16],"product_tag":[71,224,440,209,392,292,310,314,395,363,439],"class_list":{"0":"post-2264","1":"product","2":"type-product","3":"status-publish","4":"has-post-thumbnail","6":"product_cat-axampanao","7":"product_cat-dellos","8":"product_cat-prensa","9":"product_cat-publicida","10":"product_cat-semeyes","11":"product_tag-el-gaitero","12":"product_tag-publicida-de-sidra","13":"product_tag-publicida-de-sidre","14":"product_tag-sidra-axampanao","15":"product_tag-sidra-axampanao-el-gaitero","16":"product_tag-sidra-el-gaitero","17":"product_tag-sidra-y-publicida","18":"product_tag-sidre-axampanao","19":"product_tag-sidre-axampanao-el-gaitero","20":"product_tag-sidre-el-gaitero","21":"product_tag-sidre-y-publicida","23":"first","24":"instock","25":"shipping-taxable","26":"product-type-simple"},"_links":{"self":[{"href":"https:\/\/www.lasidra.net\/fototeca\/wp-json\/wp\/v2\/product\/2264","targetHints":{"allow":["GET"]}}],"collection":[{"href":"https:\/\/www.lasidra.net\/fototeca\/wp-json\/wp\/v2\/product"}],"about":[{"href":"https:\/\/www.lasidra.net\/fototeca\/wp-json\/wp\/v2\/types\/product"}],"replies":[{"embeddable":true,"href":"https:\/\/www.lasidra.net\/fototeca\/wp-json\/wp\/v2\/comments?post=2264"}],"wp:featuredmedia":[{"embeddable":true,"href":"https:\/\/www.lasidra.net\/fototeca\/wp-json\/wp\/v2\/media\/2265"}],"wp:attachment":[{"href":"https:\/\/www.lasidra.net\/fototeca\/wp-json\/wp\/v2\/media?parent=2264"}],"wp:term":[{"taxonomy":"product_brand","embeddable":true,"href":"https:\/\/www.lasidra.net\/fototeca\/wp-json\/wp\/v2\/product_brand?post=2264"},{"taxonomy":"product_cat","embeddable":true,"href":"https:\/\/www.lasidra.net\/fototeca\/wp-json\/wp\/v2\/product_cat?post=2264"},{"taxonomy":"product_tag","embeddable":true,"href":"https:\/\/www.lasidra.net\/fototeca\/wp-json\/wp\/v2\/product_tag?post=2264"}],"curies":[{"name":"wp","href":"https:\/\/api.w.org\/{rel}","templated":true}]}}