{"id":2283,"date":"2025-12-07T16:37:16","date_gmt":"2025-12-07T16:37:16","guid":{"rendered":"https:\/\/www.lasidra.net\/fototeca\/?post_type=product&#038;p=2283"},"modified":"2025-12-07T16:40:00","modified_gmt":"2025-12-07T16:40:00","slug":"fas-138","status":"publish","type":"product","link":"https:\/\/www.lasidra.net\/fototeca\/producto\/fas-138\/","title":{"rendered":"FAS 138"},"content":{"rendered":"","protected":false},"excerpt":{"rendered":"<p><strong>Dataci\u00f3n: <\/strong>Entamu sieglu XX<\/p>\n<p><strong>Llugar<\/strong>: Xix\u00f3n<\/p>\n<p><strong>Observaciones: <\/strong>Esti cartelu de sidre axampanao \u00abReina Victoria\u00bb, impresu en tonu sepia, recuerda a les primeres pieces publicitaries de cambiu de sieglu y presenta&#8217;l retratu de la nomada reina como emblema de prestixu. Esta iconograf\u00eda permit\u00eda venceyar la marca a un sentimientu d&#8217;elegancia y refinamientu, nuna d\u00f3mina que la sidre axampanao asturiano andaba a la gueta d&#8217;afitase nel merc\u00e1u de bebides \u00abfines\u00bb.<\/p>\n<p><strong>Fonte d&#8217;ingresu: <\/strong>Fundaci\u00f3n Asturies XXI<\/p>\n<p><strong>Data d&#8217;ingresu: <\/strong>Avientu 2025<\/p>\n","protected":false},"featured_media":2284,"comment_status":"closed","ping_status":"closed","template":"","meta":{"_et_pb_use_builder":"","_et_pb_old_content":"","_et_gb_content_width":"","_joinchat":[]},"product_brand":[],"product_cat":[69,21,24,18,20,16],"product_tag":[346,353,355,441,209,311,314,532],"class_list":{"0":"post-2283","1":"product","2":"type-product","3":"status-publish","4":"has-post-thumbnail","6":"product_cat-axampanao","7":"product_cat-carteleria","8":"product_cat-dellos","9":"product_cat-muyer","10":"product_cat-publicida","11":"product_cat-semeyes","12":"product_tag-carteleria-con-sidre","13":"product_tag-carteles-y-sidre","14":"product_tag-cartelu-de-sidre","15":"product_tag-cartelu-publicitariu","16":"product_tag-sidra-axampanao","17":"product_tag-sidra-reina-victoria","18":"product_tag-sidre-axampanao","19":"product_tag-sidre-reina-victoria","21":"first","22":"instock","23":"shipping-taxable","24":"product-type-simple"},"_links":{"self":[{"href":"https:\/\/www.lasidra.net\/fototeca\/wp-json\/wp\/v2\/product\/2283","targetHints":{"allow":["GET"]}}],"collection":[{"href":"https:\/\/www.lasidra.net\/fototeca\/wp-json\/wp\/v2\/product"}],"about":[{"href":"https:\/\/www.lasidra.net\/fototeca\/wp-json\/wp\/v2\/types\/product"}],"replies":[{"embeddable":true,"href":"https:\/\/www.lasidra.net\/fototeca\/wp-json\/wp\/v2\/comments?post=2283"}],"wp:featuredmedia":[{"embeddable":true,"href":"https:\/\/www.lasidra.net\/fototeca\/wp-json\/wp\/v2\/media\/2284"}],"wp:attachment":[{"href":"https:\/\/www.lasidra.net\/fototeca\/wp-json\/wp\/v2\/media?parent=2283"}],"wp:term":[{"taxonomy":"product_brand","embeddable":true,"href":"https:\/\/www.lasidra.net\/fototeca\/wp-json\/wp\/v2\/product_brand?post=2283"},{"taxonomy":"product_cat","embeddable":true,"href":"https:\/\/www.lasidra.net\/fototeca\/wp-json\/wp\/v2\/product_cat?post=2283"},{"taxonomy":"product_tag","embeddable":true,"href":"https:\/\/www.lasidra.net\/fototeca\/wp-json\/wp\/v2\/product_tag?post=2283"}],"curies":[{"name":"wp","href":"https:\/\/api.w.org\/{rel}","templated":true}]}}