{"id":2315,"date":"2025-12-08T15:51:31","date_gmt":"2025-12-08T15:51:31","guid":{"rendered":"https:\/\/www.lasidra.net\/fototeca\/?post_type=product&#038;p=2315"},"modified":"2025-12-08T17:11:02","modified_gmt":"2025-12-08T17:11:02","slug":"fas-153","status":"publish","type":"product","link":"https:\/\/www.lasidra.net\/fototeca\/producto\/fas-153\/","title":{"rendered":"FAS 153"},"content":{"rendered":"","protected":false},"excerpt":{"rendered":"<p><strong>Dataci\u00f3n:<\/strong> 1922<\/p>\n<p><strong>Autor<\/strong>: Nicanor Pi\u00f1ole (1878-1978)<\/p>\n<p><strong>Observaciones: <\/strong>Oleo de Pi\u00f1ole de xeitu costumista, nom\u00e1u \u00abLa Barraca\u00bb Apaecen dellos homes, muyeres y reciella. Dalgunos tan sentaos nunos toneles de sidre. La composici\u00f3n ye realista y enllena de lluz, tresmitiendo sensaci\u00f3n de comunid\u00e1, trabayu y fiesta.<\/p>\n<p><strong>Fonte d&#8217;ingresu: <\/strong>Fundaci\u00f3n Asturies XXI<\/p>\n<p><strong>Data d&#8217;ingresu: <\/strong>Avientu 2025<\/p>\n","protected":false},"featured_media":2316,"comment_status":"closed","ping_status":"closed","template":"","meta":{"_et_pb_use_builder":"","_et_pb_old_content":"","_et_gb_content_width":"","_joinchat":[]},"product_brand":[],"product_cat":[24,188,18,23,16,32],"product_tag":[531,551,548,456,455,528,529,546,549,547,550],"class_list":{"0":"post-2315","1":"product","2":"type-product","3":"status-publish","4":"has-post-thumbnail","6":"product_cat-dellos","7":"product_cat-folixes-y-cellebraciones","8":"product_cat-muyer","9":"product_cat-pinacoteca","10":"product_cat-semeyes","11":"product_cat-toneleria-semeyes","12":"product_tag-nicanor-pinole","13":"product_tag-pinacoteca-de-la-sidra","14":"product_tag-pinole","15":"product_tag-pintores-y-sidra","16":"product_tag-pintores-y-sidre","17":"product_tag-pintura-y-sidra","18":"product_tag-pintura-y-sidre","19":"product_tag-sidra-nel-arte","20":"product_tag-sidra-y-pintura","21":"product_tag-sidre-nel-arte","22":"product_tag-sidre-y-pintura","24":"first","25":"instock","26":"shipping-taxable","27":"product-type-simple"},"_links":{"self":[{"href":"https:\/\/www.lasidra.net\/fototeca\/wp-json\/wp\/v2\/product\/2315","targetHints":{"allow":["GET"]}}],"collection":[{"href":"https:\/\/www.lasidra.net\/fototeca\/wp-json\/wp\/v2\/product"}],"about":[{"href":"https:\/\/www.lasidra.net\/fototeca\/wp-json\/wp\/v2\/types\/product"}],"replies":[{"embeddable":true,"href":"https:\/\/www.lasidra.net\/fototeca\/wp-json\/wp\/v2\/comments?post=2315"}],"wp:featuredmedia":[{"embeddable":true,"href":"https:\/\/www.lasidra.net\/fototeca\/wp-json\/wp\/v2\/media\/2316"}],"wp:attachment":[{"href":"https:\/\/www.lasidra.net\/fototeca\/wp-json\/wp\/v2\/media?parent=2315"}],"wp:term":[{"taxonomy":"product_brand","embeddable":true,"href":"https:\/\/www.lasidra.net\/fototeca\/wp-json\/wp\/v2\/product_brand?post=2315"},{"taxonomy":"product_cat","embeddable":true,"href":"https:\/\/www.lasidra.net\/fototeca\/wp-json\/wp\/v2\/product_cat?post=2315"},{"taxonomy":"product_tag","embeddable":true,"href":"https:\/\/www.lasidra.net\/fototeca\/wp-json\/wp\/v2\/product_tag?post=2315"}],"curies":[{"name":"wp","href":"https:\/\/api.w.org\/{rel}","templated":true}]}}