{"id":770,"date":"2022-10-20T16:30:15","date_gmt":"2022-10-20T16:30:15","guid":{"rendered":"https:\/\/www.lasidra.net\/fototeca\/?post_type=product&#038;p=770"},"modified":"2022-10-20T16:30:19","modified_gmt":"2022-10-20T16:30:19","slug":"mpa062","status":"publish","type":"product","link":"https:\/\/www.lasidra.net\/fototeca\/producto\/mpa062\/","title":{"rendered":"MPA062"},"content":{"rendered":"","protected":false},"excerpt":{"rendered":"<p><strong>Autor:\u00a0<\/strong>desconoc\u00edu<\/p>\n<p><strong>Fecha<\/strong>: 1960<\/p>\n<p><strong>Llugar:\u00a0\u00a0<\/strong><\/p>\n<p><strong>Procedencia<\/strong>:<\/p>\n<p><strong>Observaciones<\/strong>: Semeya d&#8217;un grupu presones -homes y muyeres a les puertes d&#8217;un chigre o restor\u00e1n, con publicid\u00e1 de xamp\u00e1n Zarracian. A la drecha, acumulaes caxes de sidre de maera, con botelles vac\u00edes dientru, y lo que paez un vasu sidre, na caxa superior.<\/p>\n<div class=\"js-metadata\" data-label=\"Descripcion\" data-builtin=\"description\" data-href=\"\/fotoweb\/archives\/5002-Fondos-fotogr%C3%A1ficos\/Fondos%20fotogr%C3%A1ficos\/Colecci%C3%B3n%20miscel%C3%A1nea\/28-2020%20-%20(29).jpg.info\" data-id=\"120\" data-value=\"\n    Retrato de un grupo de personas a la salida de un bar o restaurante, con publicidad de champ\u00e1n Zarracina. A la derecha, acumuladas, cajas de sidra.\n\" data-edit=\"true\" data-force-quick-list=\"false\" data-required=\"false\" data-multiline=\"true\" data-max-size=\"32000\"><\/p>\n<div class=\"metadataField inputField textArea readOnlyField\">\n<div class=\"editorContainer\">\n<div class=\"viewMarkup\">\n<div class=\"js-meta-field-inner-content typingFieldView textAreaView\" title=\"Retrato de un grupo de personas a la salida de un bar o restaurante, con publicidad de champ\u00e1n Zarracina. A la derecha, acumuladas, cajas de sidra.\" aria-label=\"Retrato de un grupo de personas a la salida de un bar o restaurante, con publicidad de champ\u00e1n Zarracina. A la derecha, acumuladas, cajas de sidra.\"><\/div>\n<\/div>\n<\/div>\n<\/div>\n<\/div>\n<div><strong>Fecha d\u2019ingresu<\/strong>:<\/div>\n<p><strong>Dep\u00f3situ<\/strong>: Colecci\u00f3n Miscelanea. Mus\u00e9u del Pueblu d\u2019Asturies<\/p>\n<p><strong>Archivu Dixital<\/strong>: Fundaci\u00f3n Asturies XXI<\/p>\n","protected":false},"featured_media":771,"comment_status":"closed","ping_status":"closed","template":"","meta":{"_et_pb_use_builder":"","_et_pb_old_content":"","_et_gb_content_width":"","_joinchat":[]},"product_brand":[],"product_cat":[188,18,16],"product_tag":[95],"class_list":{"0":"post-770","1":"product","2":"type-product","3":"status-publish","4":"has-post-thumbnail","6":"product_cat-folixes-y-cellebraciones","7":"product_cat-muyer","8":"product_cat-semeyes","9":"product_tag-zarracina","11":"first","12":"instock","13":"shipping-taxable","14":"product-type-simple"},"_links":{"self":[{"href":"https:\/\/www.lasidra.net\/fototeca\/wp-json\/wp\/v2\/product\/770","targetHints":{"allow":["GET"]}}],"collection":[{"href":"https:\/\/www.lasidra.net\/fototeca\/wp-json\/wp\/v2\/product"}],"about":[{"href":"https:\/\/www.lasidra.net\/fototeca\/wp-json\/wp\/v2\/types\/product"}],"replies":[{"embeddable":true,"href":"https:\/\/www.lasidra.net\/fototeca\/wp-json\/wp\/v2\/comments?post=770"}],"wp:featuredmedia":[{"embeddable":true,"href":"https:\/\/www.lasidra.net\/fototeca\/wp-json\/wp\/v2\/media\/771"}],"wp:attachment":[{"href":"https:\/\/www.lasidra.net\/fototeca\/wp-json\/wp\/v2\/media?parent=770"}],"wp:term":[{"taxonomy":"product_brand","embeddable":true,"href":"https:\/\/www.lasidra.net\/fototeca\/wp-json\/wp\/v2\/product_brand?post=770"},{"taxonomy":"product_cat","embeddable":true,"href":"https:\/\/www.lasidra.net\/fototeca\/wp-json\/wp\/v2\/product_cat?post=770"},{"taxonomy":"product_tag","embeddable":true,"href":"https:\/\/www.lasidra.net\/fototeca\/wp-json\/wp\/v2\/product_tag?post=770"}],"curies":[{"name":"wp","href":"https:\/\/api.w.org\/{rel}","templated":true}]}}